 - w. What is the units digit of k?
8
Let h(y) = y**3 - 6*y**2 - 6*y - 10. Let s be h(7). Let w be (-3 - (-4 - -2))*s. What is the units digit of ((-4)/w)/((-1)/3)?
4
Let x be 968 + 10/15*-6. Let c = x + -661. What is the hundreds digit of c?
3
What is the units digit of -4 - (-650)/169 - (-795)/13?
1
Suppose 4*y + 1243 = -5*u + 6406, 5*y + 3083 = 3*u. What is the thousands digit of u?
1
Let r be 124/(-7) + (-16)/56. Let n = r - -36. What is the tens digit of n?
1
Suppose 2166 + 370 = 8*l. What is the units digit of l?
7
What is the units digit of 7*4/42*(2 + 2524)?
4
Suppose 3 + 5 = 2*w. Suppose -n = -w*k + 98, -2*k + 79 = k + 2*n. Let s = k - 0. What is the tens digit of s?
2
Suppose -4*u - 36 = 2*u. What is the units digit of (-4 - (-2 + 0))*171/u?
7
Let j be -1 - -2 - 66/2. Let k(l) = -l**2 - 21*l - 3. Let o be k(-17). Let x = j + o. What is the tens digit of x?
3
Let k be (22/4)/(5/40). Suppose r - 4*r - 4*o + k = 0, -52 = -3*r + 4*o. What is the tens digit of r?
1
Suppose 8*c = 4*c - 4*l + 216, 4*c + l = 228. Let t(n) = -n**3 + 2*n**2 + 5*n - 4. Let q be t(3). Suppose -q*v - c = -146. What is the units digit of v?
4
Suppose -7*w + 6*w = -140. Suppose -2*q - w = -6*q. Suppose 1 + q = 2*y. What is the units digit of y?
8
Let p be 1044/21 - (-14)/49. Let l = p - 30. What is the tens digit of l?
2
Let w(m) = -57*m - 898. What is the hundreds digit of w(-23)?
4
Let f = 47 - 48. Let c(v) = 14*v**2 - v - 2. What is the tens digit of c(f)?
1
Let g = 62 - 43. Let j = g - 5. Let u = 20 - j. What is the units digit of u?
6
Let j(d) = -d**2 - 12*d + 14. Let p be j(-12). Let s = -10 + p. What is the units digit of (68/8)/(2/s)?
7
Let n = 20 - 20. Let y be 25 + n + 3 + 0. Let f = y - 18. What is the units digit of f?
0
Let a be 291/9 - 0 - 6/18. What is the units digit of 21/1*(-1 + a/6)?
1
Suppose 2*p - 500 = 3*c, 5*c = 8*p - 10*p + 468. What is the units digit of p?
4
Suppose 8*d + 138 = 2*d. Let y = 47 + d. What is the units digit of y?
4
Let u be (4/20)/(1/55). Suppose 3*j = t + 3 + 11, 0 = 3*j + 4*t + u. Suppose -35 = -j*v - 17. What is the units digit of v?
6
Suppose -12 = 21*q - 23*q. Let i(m) = 2*m**2 + m + 5. What is the tens digit of i(q)?
8
Suppose 0*f - 4100 = -3*b - 4*f, 4*f + 2740 = 2*b. What is the hundreds digit of b?
3
Let o = 2046 - 4271. What is the hundreds digit of (-2)/(-3) + o/(-15)?
1
Let c(w) = 19*w**3 - 2*w**2 + 14*w - 24. What is the tens digit of c(3)?
1
Suppose 4 = 4*s, 6*t - 17 = 4*t - 5*s. Let r(h) = h**2 - h - 6. What is the tens digit of r(t)?
2
What is the thousands digit of 77*2/14 - -3771?
3
Suppose 5*b - 3*h - 4216 = 0, 60*b - 3364 = 56*b - 2*h. What is the hundreds digit of b?
8
Let f(t) = 3*t**2 - 11*t + 1746. What is the hundreds digit of f(0)?
7
Suppose -b = -2*r + 2785, -5*r + 2*b + 6969 = 6*b. What is the thousands digit of r?
1
Suppose -10 - 100 = -2*r. What is the tens digit of 3/(-5) - (-4103)/r?
7
Let g be (-11)/6 - (-7 - 129/(-18)). What is the tens digit of 1890/25 + g/(-5)?
7
Let s be ((-16)/(-10))/(48/600). Suppose 2*p - 3 = -q + 12, -p - 3*q + s = 0. What is the tens digit of (p - -4) + 3 + 0?
1
Suppose 0 = 2*t + 4*z + 2, -6*t = -5*t - 2*z - 11. Suppose 229 + 51 = t*c. Suppose 0*v + 4*v = 4*b + c, 3*v = -5*b + 82. What is the units digit of v?
9
Suppose -2*y = -10, -10*y + 14*y = -4*m + 576. What is the hundreds digit of m?
1
Let z(h) = -38*h. Let i be z(3). What is the units digit of i*((-8)/2)/12?
8
Let p(x) = 308*x**3 - x**2 - 2*x + 3. Let o be p(1). Let i(f) = -3*f - 14. Let j be i(-6). Suppose o = 11*b - j*b. What is the tens digit of b?
4
Suppose -848 = -l - 4*x + 77, -3*l - 3*x + 2748 = 0. What is the hundreds digit of l?
9
Let h = 584 + -195. What is the units digit of h?
9
Let p be 88 + 1 + 9 + -10. Let m(n) = -14*n**2 + 1. Let z be m(-2). Let i = z + p. What is the units digit of i?
3
Let p(f) = 19*f - 8. Let n be p(-12). Let k = 17 - n. What is the tens digit of k?
5
Suppose 19 = 4*p - 49. Suppose -p = -2*b - 3*z, 44 = 4*b + 3*z + z. Suppose -4*h - f + 16 + 7 = 0, -f + b = 3*h. What is the units digit of h?
7
Let x = -1907 - -2954. What is the hundreds digit of x?
0
Suppose u + 72 = 2*u + 4*p, p = 3*u - 164. What is the tens digit of u?
5
Let l(z) = -14*z - 59. What is the tens digit of l(-23)?
6
Let v(w) = w - 11. Let j be v(10). Let o = j - -4. What is the units digit of o?
3
Let g(b) be the third derivative of -b**5/60 - 3*b**4/4 - 7*b**3/2 - 16*b**2. What is the units digit of g(-10)?
9
Suppose -5*d - 76 - 64 = 0. Suppose 3*v = -4*q + 384, -3 = -4*v - 19. Let b = q + d. What is the tens digit of b?
7
Let z(b) = 1759*b**2 + 6*b - 2. What is the tens digit of z(1)?
6
Suppose 0 = 5*m, z = -z + 4*m. Suppose -4*y - 2*k + 352 = -0*y, k = z. What is the units digit of y?
8
Suppose -4*m = -2*m + 6. Let y be (-94)/m + 12/18. Suppose -r - 10 = -y. What is the tens digit of r?
2
Let l(i) = -i**3 - 7*i**2 - i - 2. Let a be l(-7). Suppose a*r + 18 = -2*v + 5*v, -2*r - 11 = -5*v. What is the units digit of 1/(r/(-9))*6?
8
Let u(t) = 0*t**3 + t**3 - 7*t + 5*t**2 + 0*t. Suppose -3*z = -r + 11, 5*r + 6 + 39 = -5*z. What is the units digit of u(z)?
5
Let n = -310 + 591. What is the hundreds digit of (4/(-4)*-1)/(1/n)?
2
Suppose 0 = -2*w + 52 - 56. What is the units digit of w + 1 + (-5 - 49/(-7))?
1
Let d be (-18)/(-1 - 2) + -2. Suppose -4 = -2*h + d*h. What is the tens digit of 20 - -1*(-2)/h?
2
Suppose 3*d + 36 = 5*v + 7*d, -v - 2*d + 12 = 0. Suppose 2*p + 0*p - v*r - 154 = 0, 0 = -p + 4*r + 85. What is the units digit of p?
9
What is the units digit of 1 - 7 - (-2476)/4?
3
Suppose -6341 = 2*u - 19*u. What is the tens digit of u?
7
Let g(z) = -4*z - 41. Let k be 24/16*(-40)/3. What is the units digit of g(k)?
9
Suppose -2*u + 5*z = -6, 3*u + 2*z = 5*z. What is the hundreds digit of 116 + (-6)/u - -2?
1
Let n(r) = 2*r**3 - 3*r**2 - 3*r + 3. Let q be -2*(-2)/4*7. Suppose -q*l - 8 = 4*y - 3*l, 15 = -3*l. What is the tens digit of n(y)?
2
Let u = -58 - -8. Let d = u - -118. What is the units digit of d?
8
Suppose 2*b = -3*x + 1132, b + x + 2250 = 5*b. What is the tens digit of b?
6
Let a(i) = -14*i + 7. Let f be a(-2). What is the tens digit of ((-7)/(f/(-3190)))/2?
1
Let i = 10 - 19. What is the units digit of (-2)/i + (-3047)/(-99)?
1
Suppose 101 = 5*r - 54. What is the tens digit of r?
3
Let a(o) = -o**3 - 16*o**2 + 18*o + 20. Let n be a(-17). Suppose -2*m + 60 = n*g, 90 - 2 = 3*m + 4*g. Let l = m + 5. What is the tens digit of l?
2
Suppose -42 = -4*p - 10. Let j = p + -6. Suppose -j*g + 4 = -0*g, -3*i = 2*g - 52. What is the units digit of i?
6
Suppose 4*o + 3288 = 4*q, -5*o + 6*o = 2. What is the hundreds digit of q?
8
What is the hundreds digit of (-4)/(-9) + (-9)/(810/(-129200))?
4
Let d(f) = f**2 + 14*f + 8. What is the tens digit of d(-16)?
4
Suppose -4*f + 5*y + 1317 = 0, -f + 0*f = y - 327. What is the hundreds digit of f?
3
Let r(n) = -3*n**2 - 11*n - 14. Let o(x) = 8*x**2 + 34*x + 41. Let t(u) = -4*o(u) - 11*r(u). What is the hundreds digit of t(-12)?
3
Suppose 0 = -2*w + 5*l + 23, 2*w - 1 = -2*l + 1. Suppose 4*h + 4*o - 236 = 196, -w*h - 2*o + 426 = 0. What is the hundreds digit of h?
1
What is the tens digit of ((-4815)/(-60))/((-6)/(-8))?
0
Suppose 0 = 3*k - 3*q, 3*k + 0*k - 5*q = 0. Suppose -14*b + 13*b + 6 = k. What is the units digit of b?
6
Let f(x) = -3*x - 16. Let c(s) = 10*s + 49. Let o(d) = -2*c(d) - 7*f(d). Let b be o(0). Let h = b - 7. What is the units digit of h?
7
Let i be 7*15 - (-28)/(-14). Suppose -3*z = i - 292. What is the tens digit of z?
6
Let x be (-2 - (-10)/5)/4. Suppose -2*k + x*k = w - 45, -195 = -4*w - 5*k. What is the units digit of w?
5
Let s = -58 - -67. Suppose -s*z = -13*z + 716. What is the units digit of z?
9
Suppose 5*m - 5*y + 4 = -1, -m = 2*y - 8. Suppose -5*w = 3*u + 9, -m*u = 3*w - 2*w + 6. Suppose w = 3*r - 161 + 23. What is the units digit of r?
6
Let k(r) = -23*r - 6. Let d be k(-7). Suppose 5*l - d = -35. What is the units digit of l?
4
Let c = -149 + 546. What is the tens digit of c?
9
Suppose 0 = 4*q - 5*s - 1 - 0, -25 = 5*s. What is the tens digit of 48 - 3/q*-4?
4
Suppose -12*y = -16*y + 1964. What is the hundreds digit of y?
4
Let k = -9 + 25. Let z = k + -21. What is the tens digit of z/(-20) + (-123)/(-4)?
3
Let k(d) = -d**2 + 10*d - 4.